the prime factors of p.
1523
Let p(i) = -8*i - 6*i - 5*i - 7 - 26. List the prime factors of p(-10).
157
Suppose 0 = -2*n - 5*w + 2*w + 577, 0 = 5*n + 3*w - 1456. What are the prime factors of n?
293
Suppose -5*b = c - 6, -2*c + 2*b = -0*b. Suppose c = 2*w - 7. Suppose -t = -4*x + 164, -t - 2*t + 148 = w*x. List the prime factors of x.
2, 5
Suppose 19 = 3*k + 4. Suppose 0 = -l - 4 + 9, 4*l - 400 = -k*v. What are the prime factors of v?
2, 19
Let k(x) = -x**3 + 20*x**2 + 24*x + 5. List the prime factors of k(20).
5, 97
Suppose -2*i + 13 = 9. Suppose -4*d + 264 = -i*d. What are the prime factors of d?
2, 3, 11
Suppose -2*m + 260 = 4*v, 0*m = 5*m - 4*v - 608. Suppose 5*o = -4*s + m - 47, -o = -3*s - 4. Suppose -18*q + 140 = -o*q. List the prime factors of q.
2, 7
Suppose -70*j = -69*j - 479. What are the prime factors of j?
479
Let d(n) = n**3 + 15*n**2 - 2*n - 21. Let k be d(-15). Suppose 1 = -4*o + 2*c - 1, -3*o + 3*c - k = 0. Let p = o - -39. What are the prime factors of p?
41
Let x(a) = -7*a - 25. Let z = -81 + 76. List the prime factors of x(z).
2, 5
Let r(y) = 14*y**2 - 34*y - 15. What are the prime factors of r(-11)?
2053
What are the prime factors of 6/36 + (-9092)/(-24)?
379
Suppose 5*m = -2*k - 16, 3*m + 14 = 3*k - 2*k. Suppose -5*a = -k*r - 3*r + 145, r - 5*a = 25. What are the prime factors of r?
2, 3, 5
Let q(m) = -m**2 + 4*m - 4. Let k be q(1). What are the prime factors of k/((16/(-150))/8)?
3, 5
Suppose c + 3*c - 120 = -4*l, 5*c - 153 = -2*l. What are the prime factors of (c/(-1))/((-1)/2)?
2, 31
Suppose 76194 = 173*n - 155*n. What are the prime factors of n?
3, 17, 83
Let v = -407 - -714. What are the prime factors of v?
307
Suppose -2*k + 3 = 15. What are the prime factors of ((-2)/k)/((-19)/(-969))?
17
Let j(h) = 3*h - 30. Let c be j(9). List the prime factors of 50 + (-1 + -2)/c.
3, 17
Suppose -i + 3*n - 2*n + 55 = 0, 5*n = i - 55. Suppose 0*g - 3*g = -258. Let r = g - i. What are the prime factors of r?
31
Let f be (1 + -1)/1 - -1. Let u be 1 + f*30/2. Let n = u + -11. List the prime factors of n.
5
Suppose -15320 = -3*f - 5*f. List the prime factors of f.
5, 383
Let v(d) = d**3 - 5*d**2 - 8*d + 2. Let q be v(6). Let x be (-40)/25 - (-4)/q. What are the prime factors of x*(0 - -1) + 6?
2
Let c(m) = m**3 + m**2 - 5*m + 4. Let k be c(-5). What are the prime factors of -3 - -1 - 2/(-2) - k?
2, 5, 7
Let d = 2604 + -1324. List the prime factors of d.
2, 5
Suppose -598 = -2*q - 3*b + 4*b, -5*q + 2*b + 1495 = 0. Let h = q + -169. List the prime factors of h.
2, 5, 13
Let n = 3578 + -2054. List the prime factors of n.
2, 3, 127
Let o = 363 + 182. What are the prime factors of o?
5, 109
Suppose -5*n + 32 = -n. Suppose 5*q = 4*b - 0*b - 8, -4*b - 5*q = -n. Suppose 0 = 6*r - 2*r + b*l - 148, -4*r + 4*l + 160 = 0. What are the prime factors of r?
2, 19
Let h = -61 + 34. Let m = 41 + h. Suppose 3*x + m - 74 = 0. List the prime factors of x.
2, 5
Let o(m) = 907*m - 2. List the prime factors of o(1).
5, 181
Let j(o) = 100*o + 11. Let b(w) = -98*w - 10. Let h(i) = 4*b(i) + 3*j(i). List the prime factors of h(-3).
269
Suppose -8*q + 33 - 9 = 0. Suppose -2*i - q*t = -348 - 237, -871 = -3*i + 2*t. What are the prime factors of i?
3, 97
Suppose 0 = -j - 43 + 8. Let q be (-2390)/j - (-4)/(-14). Suppose -k - 30 - 61 = -5*s, -4*k = 4*s - q. What are the prime factors of s?
2, 3
Let h be ((4 - -50) + -3)/(-1). Let s be (-6)/14 + h/(-21). Suppose 10 = s*p - 48. What are the prime factors of p?
29
What are the prime factors of 3 + 0 + (1 + 20)*4?
3, 29
Suppose d + 4*q - q = 9, -8 = -4*q. Suppose 5*z = -5, -z = d*h - 2*z - 739. What are the prime factors of h?
2, 3, 41
Suppose -4*m - 4*v - 1044 = -6*m, 4*v = 5*m - 2640. List the prime factors of m.
2, 7, 19
Let o = 305 - 281. What are the prime factors of o?
2, 3
Let f(y) = 20*y + 2*y**2 + 9*y**2 - 2*y + y**3 - 18*y**2. What are the prime factors of f(6)?
2, 3
List the prime factors of (-28 - 6 - -4)*(-2515)/15.
2, 5, 503
Let r(a) = -2*a**3 - a**2 - 2*a - 18. List the prime factors of r(-4).
2, 3, 17
List the prime factors of (4 + -5)/(4 + 31130/(-7782)).
3, 1297
Let r(c) = 7*c + 15. Let f be r(5). Suppose 0*l + f = -l. What are the prime factors of l/(-4)*(6 - 2)?
2, 5
Suppose -3*v + 34 = -2*r, 5*v + 6*r - 62 = 4*r. List the prime factors of (-8)/v - 357/(-9).
3, 13
Let w(x) = 9*x + 16. Let g = 31 + -26. List the prime factors of w(g).
61
Suppose 0 = 5*p - 2*o - 85, 37 = 2*p + 3*o + 3. Let t = p - -5. What are the prime factors of t?
2, 11
Let v = -16 + 21. Suppose -132 = -2*m + q, -v*q = m - q - 84. Suppose h = -3*h + m. List the prime factors of h.
17
Suppose 49*l + 690 = 54*l. What are the prime factors of l?
2, 3, 23
Suppose -5*l + 41 + 177 = 3*o, 2*o - 222 = -5*l. Suppose -4*k + 4*s + 238 + 234 = 0, 3*s = k - 128. Let a = k - l. List the prime factors of a.
67
Suppose 0 = -3*d - 4*m - 6, d - 2*m - 7 = 1. Suppose -d*a + 2*u + 14 = -0*u, 2*a + u = 14. What are the prime factors of 174/a - 5/(-35)?
5
Let d be 1/1 + 8440/2. Let j be (-6)/(-10) + d/(-35). Let g = j - -188. List the prime factors of g.
2, 17
List the prime factors of (1 - 95)*(2 - (-9)/(-2)).
5, 47
Suppose -8*u - 4234 = -21370. What are the prime factors of u?
2, 3, 7, 17
Let g = 2 - 18. What are the prime factors of (-230)/(-8) + 12/g?
2, 7
Suppose a + 189 - 1459 = -5*i, -254 = -i - 3*a. List the prime factors of i.
2, 127
Let z = 54 + -20. Let y be (-3)/((-142)/z - -4). Suppose -s = 3*r - 26, -2*s + y = -r - 0*r. What are the prime factors of s?
11
Suppose -y + 72 = g, 3*y - 3*g = 280 - 46. Let m be 30/y + 36/10. Let w(s) = 2*s**3 - 6*s**2 + 4. What are the prime factors of w(m)?
2, 3
Let j = 395 - 353. List the prime factors of j.
2, 3, 7
Suppose 2*c - 69 = -c. Suppose -2*z = -5*s - c, 5*z + 3*s = -0 + 104. Suppose v = z + 51. List the prime factors of v.
2, 5, 7
Let z be -6 + 46 - (-2 - -2). Let t be (-1*3)/((-6)/z). List the prime factors of 2/(-5) + 808/t.
2, 5
Let w(o) = 9*o**2 - 15*o**2 + 1 + 2*o - 6*o + o**3 + 7*o**2. Let d be w(-3). List the prime factors of 5 - (d/1 - -4).
2, 3
Let a = -30 - -35. Let g be 2/(a/(-5))*-2. Suppose s = -2*p + 93, 2*p = g*s - 0*s + 88. List the prime factors of p.
2, 23
Suppose 0 = s - h + 69, 2*s + 3*h + 158 = -0*h. Let c = 118 + s. What are the prime factors of c?
3, 5
Suppose -3*p + 4*v = v - 612, 3*v - 393 = -2*p. List the prime factors of p.
3, 67
Let k(q) = -q**3 + 5*q**2 - q - 4. Let j be k(3). Let n(u) = -u**2 + 10*u + 16. Let c be n(j). Let w = 9 + c. List the prime factors of w.
2, 7
Let w(k) = -k - 1. Suppose -6 = 2*s + 4. Let f be w(s). Let y = 24 - f. List the prime factors of y.
2, 5
Suppose -5*p + 9 = -11. Suppose -5*k = -642 + 122. Suppose k = p*h - 8. What are the prime factors of h?
2, 7
List the prime factors of -496*(-4)/(-5)*(-40)/16.
2, 31
List the prime factors of (0 - 4)/(2 + (-975)/485).
2, 97
Suppose 5*k - 3*t = 0, k + t - 18 = -2*t. Suppose -k*v = -25 - 104. List the prime factors of v.
43
Suppose -2*k = 2*k - 16. Suppose k*h + f = -0*f + 244, 5*f + 61 = h. List the prime factors of h.
61
Suppose x - 2*w - 3 = -1, -3*w - 3 = 0. Suppose 0 = -2*z - 5*d - 0*d + 650, x = -3*d - 6. What are the prime factors of z?
2, 3, 5, 11
Let n(s) = 27*s + 5. Let z be n(-1). Let d(l) = 2*l**2 + 38*l + 11. List the prime factors of d(z).
11, 13
Suppose -o + 3*o - 44 = 0. Let a = o - 8. List the prime factors of a.
2, 7
Let r(c) = 18 + 35*c - 37*c + 16*c. Let u be r(-8). Let l = -61 - u. List the prime factors of l.
3, 11
Suppose -4*p + 2*d = -26, -4*p + 5*d + 26 + 15 = 0. Suppose 5*y - 2*y - 81 = p*a, -5*a + 15 = 0. Let g = y - 3. What are the prime factors of g?
2, 7
Let p = 2002 + -1427. What are the prime factors of p/10*18/15?
3, 23
Let v(f) be the third derivative of f**6/120 + 2*f**5/15 - f**4/6 - 7*f**3/6 - 13*f**2. List the prime factors of v(-6).
89
Let d be 3/1*(3 + 0). Let y = d - 5. Suppose -3*n = -5*u - 45, -y*u - 22 = 2*n - 3*n. What are the prime factors of n?
2, 5
List the prime factors of -4*(5 - 6)/(-1) + 1454.
2, 5, 29
Let t(p) = 18*p + 21. Let u be t(9). Let g = u - 82. What are the prime factors of g?
101
Let j = 6 - -123. Suppose 254 = 2*o + 3*f, 10*o + 2*f - j = 9*o. What are the prime factors of o?
11
Suppose 2502 = u + 3*v, -18750 = -5*u - 2*v - 6279. What a